u + 28. Let s be a(-24). Calculate the highest common factor of s and 644.
28
Let y(p) = p - 1. Let z be y(4). Suppose -f - z*n = 2*n - 27, 4*f = -3*n + 125. What is the greatest common divisor of 4 and f?
4
Suppose 660 = 4*k + 7*k. Suppose 7*g + k - 179 = 0. What is the greatest common factor of g and 170?
17
Suppose z - 5*z + 4*y + 96 = 0, 3*z - 62 = y. Let r(x) = 11*x**3 - 3*x**2 + x - 2. Let k be r(2). Calculate the greatest common factor of k and z.
19
Suppose 0 = -20*t + 25*t - 10. Calculate the highest common divisor of 66 and t.
2
Let x = 189 + -120. Let t(d) = 23*d - 138. Let j be t(7). What is the greatest common factor of x and j?
23
Let q = -1815 - -1822. Calculate the greatest common divisor of 287 and q.
7
Let x(j) = -j**2 - 20*j - 21. Let a be x(-19). Let d be ((-8)/(-6))/a*-24. What is the highest common factor of 24 and d?
8
Let a(y) = 12*y**3 + y**2 + 4*y - 4. Let d be a(2). What is the greatest common factor of d and 234?
26
Let g = 1533 - 1130. Calculate the greatest common factor of g and 434.
31
Suppose 13*j - 14*j - 3*g = -295, -4*j + 1163 = -5*g. What is the greatest common factor of 73 and j?
73
Suppose -526 = -2*w - 2*x, 3*x + 275 = -5*w + 1592. What is the highest common divisor of 16 and w?
8
Suppose q - 3*z - 385 = 9, -4*q = -2*z - 1566. What is the greatest common divisor of 17 and q?
17
Let s = 34 + 57. Calculate the highest common factor of 728 and s.
91
Let n = -755 + 848. What is the greatest common factor of n and 1023?
93
Let o(n) = n**2 - 11*n - 15. Let r(g) = 3*g**2 - 22*g - 29. Let v(t) = -7*o(t) + 3*r(t). Let p be v(-9). Calculate the greatest common factor of 9 and p.
9
Let s(w) = -9*w + 146. Let n be s(9). Let u be ((-1)/2)/((-1)/26). What is the highest common divisor of n and u?
13
Let d be 6/9*(3 - 0). Suppose 9*b - 705 = -579. Calculate the greatest common divisor of b and d.
2
Suppose -10*z = -388 - 302. What is the highest common factor of 27 and z?
3
Suppose 91 = -3*c + 3*v + 130, -4*c - 2*v = -82. What is the highest common factor of c and 342?
18
Suppose -2*q = -1 - 35. Let k(t) = -t**2 - 12*t - 11. Let r be k(-11). Let n(b) = -b**2 + 6. Let w be n(r). What is the highest common factor of w and q?
6
Suppose 2*s + 3*s - 90 = 0. Let b be (180/70)/((4/70)/2). What is the highest common factor of b and s?
18
Suppose 0*r = z + 5*r - 305, 3*z = 3*r + 933. What is the greatest common divisor of z and 20?
10
Let x(u) = 3*u**3 + 1. Let o be x(1). Suppose 4*g = -3*n + 66, -o*n - 3*g + 143 - 55 = 0. Calculate the greatest common factor of n and 88.
22
Let f(g) = -13*g - 14. Let l be f(-2). Calculate the highest common divisor of l and 12.
12
Let c = -29 + 16. Let h = c - -41. Suppose 0 = -3*g + h + 116. Calculate the greatest common factor of 32 and g.
16
Let q(d) be the second derivative of d**5/20 - d**4/4 - d**3 - 7*d**2 + 19*d. Let l be q(6). Calculate the highest common factor of 29 and l.
29
Let h = 17 - 14. Suppose h*i - 6*i = -111. Suppose 4*z - i - 7 = 0. Calculate the greatest common divisor of 55 and z.
11
Let w(h) = -h**2 - 40*h - 270. Let q be w(-13). What is the highest common factor of 2511 and q?
81
Let y(p) = 4*p**2 - 4*p. Let o be y(5). Let v be 240/18*(-6)/(-4). Calculate the highest common factor of v and o.
20
Let f = 36 - 1. Let q be 1958/7 - (-4)/14. Calculate the greatest common divisor of q and f.
35
Let q(z) = -z**2 + 20*z + 29. Let f be 24 + -4 - 2/2*-1. Let c be q(f). Let y = -50 - -70. Calculate the highest common divisor of y and c.
4
Let n = 43 + -10. Suppose d - n = -4*b - b, 4*d = 12. What is the highest common divisor of 8 and b?
2
Suppose -u + 25 = -5. Suppose -4*o - o = -u. Let n = -383 + 389. What is the highest common factor of n and o?
6
Let a(i) = i**2 - 9*i + 3. Let j be a(18). Let q be ((-36)/20)/((-3)/j). What is the highest common factor of q and 9?
9
Let b be -1 - 4/((-12)/45). Suppose 0 = 4*j - b - 18. Let k = -19 - -27. Calculate the greatest common factor of j and k.
8
Suppose 0 = 4*n - 10*n - 18. Let y be (n - -18 - 3)*1. Suppose -2*c + 12 = -2*f, 2*c - 12 = -8*f + 3*f. Calculate the highest common factor of y and c.
6
Let y be 1*9*(-13)/(-39). Suppose -5*m - 6*o + y*o = -342, 0 = 3*m - 2*o - 190. Let p be (-12)/(-2) - (2 + -2). What is the greatest common divisor of p and m?
6
Suppose 2*h - 6 - 6 = 0. Let j = h + 3. Calculate the highest common divisor of j and 18.
9
Suppose -5*i + 4*i = -105. Let j = i + -28. What is the greatest common factor of j and 11?
11
Let i = 272 + -266. Calculate the highest common divisor of i and 66.
6
Suppose 0 = m + m - t - 21, -m = 3*t. Let a be ((-4)/(-6))/((-8)/24). Let x be ((-729)/(-18))/(a/(-4)). Calculate the highest common factor of x and m.
9
Let h(r) = 38*r - 57. Let z be h(23). Calculate the greatest common factor of z and 19.
19
Suppose -869 - 28 = -13*n. What is the greatest common divisor of n and 552?
69
Let j = 91 - 80. Suppose 0 = -j*d + 7 + 147. What is the highest common divisor of d and 112?
14
Let y = -19 - -28. Suppose 0 = -2*p + y - 3. Let l(q) = 61*q + 7. Let t be l(p). Calculate the greatest common divisor of 76 and t.
38
Suppose 2*k = 4*k - 82. Let d = k - 9. What is the greatest common divisor of 8 and d?
8
Let w = -1507 - -3907. What is the highest common factor of w and 75?
75
Suppose -2*x - 4*p = -1 - 63, -2*p = -2*x + 46. Suppose 2*f - 335 = -4*z + 39, 0 = -4*z + 4*f + 344. What is the greatest common divisor of z and x?
13
Let o(n) = 3*n**2 - 4*n - 5. Let s be o(4). What is the highest common factor of 3 and s?
3
Let z(t) = 3*t**2 - 16*t + 141. Let v be z(11). Calculate the highest common factor of 41 and v.
41
Let b(u) be the second derivative of u**4/12 - 2*u**3 + 7*u**2 + 5*u. Let y be b(11). Suppose 8*w = y*w + 200. Calculate the highest common factor of w and 16.
8
Let p(l) = l**3 + 11*l**2 - 11*l + 30. Let s be p(-12). What is the highest common factor of 30 and s?
6
Let y = -518 + 698. What is the highest common divisor of 144 and y?
36
Suppose -10*a + 14*a = -4*l + 44720, 44710 = 4*a - l. Let s be (-4)/(-14) + a/322. What is the highest common factor of s and 35?
35
Let c = 460 - 54. Calculate the greatest common factor of c and 14.
14
Let a(b) = b**3 + 8*b**2 - 9*b + 9. Let n be a(-8). Suppose -3*h = -3*y + 243, y - h = -6*h + n. Calculate the highest common factor of 9 and y.
9
Suppose 6 = -4*o + 366. Calculate the greatest common factor of 3870 and o.
90
Let h(v) = 3*v**2 + 2*v - 2. Let m be h(1). Suppose -m*y - 5*q + 18 = 0, 2*y + 0*q = -3*q + 11. What is the greatest common factor of y and 17?
1
Suppose -2*u = 6, 5*g + 0*g - 4*u - 22 = 0. Let l be 3 + -4 + 34/g. Suppose -12*h - 5*h + 34 = 0. What is the highest common divisor of h and l?
2
Let v be (-88)/(-3) - 2/(-3). Suppose -6372 - 8688 = -251*g. Calculate the highest common factor of g and v.
30
Let c(n) = 7*n**2 + n - 6. Suppose 4 = -h + 7. Let a be c(h). Let x = 126 - 106. What is the greatest common divisor of a and x?
20
Suppose -x - 12 = -5*x. Let v be (-2*(-53)/(-1))/(-2). Let i = v - 38. What is the highest common factor of x and i?
3
Let c = -149 - -153. Let a = 0 - -3. Let j be a - (3/(-3) - 0). Calculate the highest common factor of j and c.
4
Let c be 40/(-6)*(-549)/305. Let i = -5 - -8. What is the greatest common factor of c and i?
3
Suppose -3*l = -3*k - 453, 5*l - 746 = 5*k - 3*k. Suppose 5*n + 202 = -l. Let u = 130 + n. Calculate the greatest common factor of 24 and u.
12
Let a be (-23)/92 - 759/(-12). What is the highest common factor of 18 and a?
9
Let g(r) = -3*r**3 + 2*r**2 - 2*r + 3. Let h be g(-3). Let y = 1163 - 1151. Calculate the greatest common divisor of h and y.
12
Let g(b) = b**3 - 2*b**2 + 12*b + 4. Let y be g(4). Calculate the greatest common divisor of 36 and y.
12
Suppose 842 = 26*y - 1368. What is the greatest common divisor of y and 51?
17
Suppose 380*y - 255 = 363*y. What is the highest common factor of 69 and y?
3
Let s = -587 + 747. What is the highest common divisor of s and 10?
10
Let c(j) = j + 12. Let r be c(-7). Suppose 4*z = 20, -5*h + r*z + 2 - 17 = 0. Suppose h*q + 56 = 4*q. What is the highest common factor of 42 and q?
14
Let k(t) = 2 + 6*t**2 - 4*t**2 + 6*t + 3*t**2 - 5. Let n be k(-3). Calculate the highest common factor of 6 and n.
6
Suppose 3*v = -2*v + 25. Suppose -5*q 